
What is the hundred thousands digit of 3394059?
3
What is the thousands digit of 798600?
8
What is the tens digit of 1557764?
6
What is the ten thousands digit of 2226275?
2
What is the units digit of 615610?
0
What is the thousands digit of 365885?
5
What is the tens digit of 30699?
9
What is the thousands digit of 2430116?
0
What is the hundreds digit of 1350611?
6
What is the tens digit of 6812677?
7
What is the hundreds digit of 7380100?
1
What is the units digit of 841971?
1
What is the millions digit of 17533635?
7
What is the hundred thousands digit of 721006?
7
What is the hundred thousands digit of 396276?
3
What is the hundreds digit of 215536?
5
What is the ten thousands digit of 1945005?
4
What is the ten thousands digit of 10399325?
9
What is the millions digit of 6485030?
6
What is the hundreds digit of 1316324?
3
What is the ten thousands digit of 407095?
0
What is the ten millions digit of 15195899?
1
What is the thousands digit of 1354446?
4
What is the units digit of 136167?
7
What is the units digit of 4223015?
5
What is the millions digit of 20006178?
0
What is the hundred thousands digit of 3015196?
0
What is the hundred thousands digit of 169833?
1
What is the ten thousands digit of 1154153?
5
What is the ten thousands digit of 91536?
9
What is the thousands digit of 595890?
5
What is the millions digit of 1422576?
1
What is the millions digit of 8252906?
8
What is the ten thousands digit of 286723?
8
What is the units digit of 698874?
4
What is the units digit of 841269?
9
What is the millions digit of 2278541?
2
What is the units digit of 5550229?
9
What is the units digit of 262757?
7
What is the units digit of 4162917?
7
What is the ten thousands digit of 2027823?
2
What is the hundreds digit of 2188473?
4
What is the tens digit of 1127767?
6
What is the hundreds digit of 3113325?
3
What is the ten thousands digit of 252206?
5
What is the thousands digit of 9573867?
3
What is the millions digit of 3573594?
3
What is the tens digit of 314581?
8
What is the tens digit of 3574229?
2
What is the thousands digit of 504011?
4
What is the hundred thousands digit of 324485?
3
What is the millions digit of 1329296?
1
What is the hundred thousands digit of 277733?
2
What is the tens digit of 383866?
6
What is the ten thousands digit of 391045?
9
What is the hundreds digit of 2152258?
2
What is the ten thousands digit of 1919362?
1
What is the ten thousands digit of 436464?
3
What is the tens digit of 420241?
4
What is the thousands digit of 14782074?
2
What is the ten millions digit of 10192986?
1
What is the hundred thousands digit of 2452633?
4
What is the hundred thousands digit of 206587?
2
What is the hundreds digit of 7882548?
5
What is the hundreds digit of 223528?
5
What is the hundreds digit of 18253696?
6
What is the ten thousands digit of 1045771?
4
What is the units digit of 2437891?
1
What is the ten thousands digit of 16176601?
7
What is the thousands digit of 2878839?
8
What is the ten thousands digit of 2519745?
1
What is the thousands digit of 1411860?
1
What is the ten thousands digit of 190885?
9
What is the ten thousands digit of 128952?
2
What is the tens digit of 371976?
7
What is the millions digit of 7343333?
7
What is the hundreds digit of 48333?
3
What is the ten thousands digit of 5457894?
5
What is the hundreds digit of 3175551?
5
What is the ten thousands digit of 2028684?
2
What is the hundred thousands digit of 1705109?
7
What is the hundred thousands digit of 143335?
1
What is the tens digit of 65700?
0
What is the hundred thousands digit of 1317123?
3
What is the hundreds digit of 1578614?
6
What is the hundred thousands digit of 13606040?
6
What is the ten thousands digit of 3406574?
0
What is the hundreds digit of 823518?
5
What is the tens digit of 17934063?
6
What is the units digit of 9525662?
2
What is the tens digit of 1156036?
3
What is the tens digit of 37098930?
3
What is the tens digit of 10271523?
2
What is the hundred thousands digit of 5057092?
0
What is the tens digit of 3912621?
2
What is the tens digit of 1158386?
8
What is the hundreds digit of 694805?
8
What is the tens digit of 682348?
4
What is the units digit of 4064326?
6
What is the ten thousands digit of 474623?
7
What is the thousands digit of 27526035?
6
What is the units digit of 156033?
3
What is the ten thousands digit of 4194100?
9
What is the tens digit of 2234568?
6
What is the thousands digit of 7848082?
8
What is the units digit of 330678?
8
What is the hundred thousands digit of 3878616?
8
What is the tens digit of 240076?
7
What is the hundreds digit of 871633?
6
What is the millions digit of 1055707?
1
What is the ten thousands digit of 461926?
6
What is the tens digit of 1563400?
0
What is the units digit of 21549781?
1
What is the tens digit of 1525542?
4
What is the hundreds digit of 8544473?
4
What is the millions digit of 3222327?
3
What is the hundred thousands digit of 158048?
1
What is the tens digit of 787378?
7
What is the hundreds digit of 149630?
6
What is the hundred thousands digit of 127008?
1
What is the hundred thousands digit of 1070236?
0
What is the hundred thousands digit of 148995?
1
What is the tens digit of 694640?
4
What is the thousands digit of 1358218?
8
What is the tens digit of 2242982?
8
What is the millions digit of 1329582?
1
What is the hundred thousands digit of 690876?
6
What is the hundred thousands digit of 1255353?
2
What is the thousands digit of 1321029?
1
What is the tens digit of 207141?
4
What is the units digit of 130182?
2
What is the tens digit of 319376?
7
What is the thousands digit of 3277160?
7
What is the units digit of 911968?
8
What is the thousands digit of 33339720?
9
What is the millions digit of 1138396?
1
What is the tens digit of 1451691?
9
What is the tens digit of 1243880?
8
What is the units digit of 113372?
2
What is the tens digit of 1626315?
1
What is the thousands digit of 129087?
9
What is the ten thousands digit of 7098849?
9
What is the hundred thousands digit of 5285989?
2
What is the ten thousands digit of 42600504?
0
What is the hundred thousands digit of 21393626?
3
What is the tens digit of 1001030?
3
What is the hundreds digit of 940541?
5
What is the units digit of 925419?
9
What is the units digit of 3882302?
2
What is the millions digit of 38607811?
8
What is the hundred thousands digit of 5724025?
7
What is the hundreds digit of 288993?
9
What is the ten thousands digit of 199801?
9
What is the thousands digit of 291416?
1
What is the hundreds digit of 1323098?
0
What is the units digit of 31240?
0
What is the tens digit of 6564358?
5
What is the thousands digit of 15016?
5
What is the units digit of 263116?
6
What is the tens digit of 8625721?
2
What is the hundred thousands digit of 596347?
5
What is the ten thousands digit of 5248535?
4
What is the ten thousands digit of 245247?
4
What is the thousands digit of 564043?
4
What is the units digit of 24951?
1
What is the thousands digit of 422649?
2
What is the units digit of 636834?
4
What is the tens digit of 2143555?
5
What is the ten thousands digit of 1600446?
0
What is the thousands digit of 1796755?
6
What is the hundred thousands digit of 4812175?
8
What is the hundreds digit of 428895?
8
What is the hundred thousands digit of 680733?
6
What is the thousands digit of 27597154?
7
What is the thousands digit of 13053006?
3
What is the tens digit of 223863?
6
What is the ten millions digit of 26245036?
2
What is the hundred thousands digit of 486300?
4
What is the hundreds digit of 9583519?
5
What is the hundred thousands digit of 34166991?
1
What is the ten thousands digit of 1809168?
0
What is the ten millions digit of 24365784?
2
What is the units digit of 7464489?
9
What is the hundred thousands digit of 5233172?
2
What is the hundred thousands digit of 407706?
4
What is the hundreds digit of 5790301?
3
What is the thousands digit of 2471554?
1
What is the millions digit of 6883629?
6
What is the units digit of 10820266?
6
What is the hundred thousands digit of 106506?
1
What is the hundreds digit of 319355?
3
What is the hundred thousands digit of 8331639?
3
What is the thousands digit of 418387?
8
What is the thousands digit of 2374240?
4
What is the hundreds dig